 -2*j**2 + 53*j - 26. Let l be h(25). Suppose 59 = 5*d + l. Suppose -4*t - 2554 = -0*n - d*n, 5*n = 5*t + 6385. Is n a prime number?
True
Let x(a) = -1193*a - 123. Let n be x(-12). Let h = -1182 + n. Is h composite?
True
Let y(c) = -7*c - 167. Let d be y(-24). Is 14644/4 + d*(2 + -4) prime?
True
Suppose 5*t - 48 + 32 = d, -5*t = -4*d - 4. Suppose m + 14 - 19267 = t*j, 2*j + 38482 = 2*m. Is m composite?
False
Let p = 3043 - -4840. Is p prime?
True
Let y(a) = -5*a + 5021. Suppose 0 = 9*n + 2*n. Is y(n) prime?
True
Let g(x) = x**3 + 12*x**2 + 9*x - 9. Let p be -1 + 5 + -15 + 3. Let c be g(p). Let d = c + 439. Is d a composite number?
True
Suppose 10*z + 6310 = -37060. Let y = 4472 - z. Is y composite?
True
Let i be 72/(-3)*3/(-9). Is 178934/i + 6*(-5)/(-120) a composite number?
False
Let i = 7515 + 8942. Is i a prime number?
False
Suppose 6*r - 264218 = 109915 - 96939. Is r composite?
False
Let y(c) = 2*c**2 + 31*c - 19. Let v = 192 - 180. Is y(v) prime?
True
Suppose 5*w - 14 + 49 = -4*j, -4*w + 4*j - 64 = 0. Is 11/(w/7) + 4506 a composite number?
True
Suppose -266858 = -2*c + 5*h - 39132, 2*h = c - 113861. Is c a composite number?
True
Let d(r) = -7*r**3 + 11*r**2 - 2*r - 3. Suppose q + 2*x = 5*x - 14, -4*q + 4*x = 32. Let n be q/((-30)/(-32)) + 1/3. Is d(n) a prime number?
False
Let u = -668 - -669. Is u + (7446 - (-3)/(-6)*-8) composite?
False
Suppose -6*j = -150 - 204. Suppose -j - 40 = -3*q. Suppose 9*m = 8*m + q. Is m a composite number?
True
Let z = 1138274 - 351495. Is z prime?
False
Suppose 299276 = 938*q - 934*q. Is q a prime number?
False
Suppose -3*i + 3594 = -5*v - 3180, 9032 = 4*i + v. Is (-4 - 1) + i*3 a prime number?
False
Let o(b) = 675*b + 3. Let u be o(-2). Let c(d) = -2*d**3 + 23*d**2 - 13*d - 2. Let a be c(13). Let m = a - u. Is m prime?
False
Suppose -9697182 = 71*y - 25604377. Is y composite?
True
Let t be ((-6)/(-8))/(1 - 7470/7480). Is (1 + (1 - 1))*(-4 + t) composite?
False
Suppose -2*v = 1 + 47. Let j = -18 - v. Suppose -j*i + 254 = -12664. Is i prime?
True
Suppose -21 = 3*u, -26738 = -2*q - 5*u + 312985. Is q a composite number?
True
Is (1*-37320)/(-24) + (-6)/(-1) prime?
False
Suppose -28*m = -297746 - 420426. Is m a composite number?
True
Suppose -26*v = -13*v - 599118. Suppose 16*w - 6250 = v. Is w a prime number?
True
Let c(n) = 2*n**3 + 16*n**2 - 20*n - 14. Let z be c(-9). Suppose -z*t - 2*g + 4042 = 0, -4*t - 2*g = 2*g - 4040. Is t prime?
False
Is 1/1*(-942228)/(7 - 43) a prime number?
False
Suppose -24366*c - 311647 = -24373*c. Is c a prime number?
False
Let b(c) = 5*c + 11. Suppose -5*i + 14 + 6 = 0. Suppose i*m - 2*m - z - 13 = 0, 0 = -5*z - 25. Is b(m) prime?
True
Let x(h) = 177*h**2 - 14*h - 122. Is x(-11) composite?
True
Suppose 3*l + 780 = -2*s - 2*s, -3*l - 780 = 5*s. Let t = -157 - l. Is t a composite number?
False
Suppose -40*n = -37*n + 5*m - 285843, -m = 4*n - 381124. Is n a prime number?
False
Suppose 21442104 = 23*p - 22332163. Is p a prime number?
True
Let w = 3522655 + 709894. Is w a composite number?
False
Let x(o) = -4*o**2 - 82*o + 43. Let h be x(-21). Is -1 + h/6 + (-230380)/(-120) a composite number?
True
Suppose -28*n + 70 = -98. Let q(i) = 82*i + 22. Is q(n) prime?
False
Let f(w) = -1453*w + 139. Is f(-10) a composite number?
False
Suppose 0 = -10*q + 7*q - 24. Let o(f) = -39*f + 17. Is o(q) a prime number?
False
Let p be (-113298)/(-184) + 2/8. Suppose 5*h = -3*f + 7*f - p, -h - 749 = -5*f. Is f a prime number?
True
Suppose 7*x - 70817 = 2*x - 3*v, 0 = 4*v + 24. Is x a prime number?
False
Let z = -509378 - -865059. Is z prime?
False
Suppose -5*q = -r + 82417, 16*q - 19*q = 2*r - 164886. Is r prime?
False
Suppose 24*h - 23885 - 128155 = 0. Suppose 4*b - h = b + t, -2*b - t = -4220. Is b a composite number?
False
Is 7/((-1120)/(-921488))*10 composite?
False
Suppose -59*c + 27706797 - 2064512 = 0. Is c prime?
False
Let a = -48608 - -72777. Is a a composite number?
False
Let t be (-7 - (-2 - 2))/(4/65132). Let p = t + 89308. Is p a composite number?
False
Suppose 0 = -3*q - 3*u + 617634, 405846 = 4*q - 5*u - 417711. Is q a prime number?
True
Is -6 - -1 - -13517*8864/112 a prime number?
False
Suppose 3*t = -5*w + 1281442, -10*t + 5553039 = 3*t + 4*w. Is t a composite number?
True
Suppose 2*d + 6451 = 3*b - 12112, -5*d = 5*b + 46370. Let r = -4520 - d. Is r prime?
False
Let n = 160 - -311. Let u(z) = 3 + n*z - 17 - 12. Is u(5) composite?
True
Suppose 720*k - 284287 = 719*k - t, -4*k - t = -1137166. Is k a prime number?
True
Let c = -3521 - -3521. Let p be (-4)/(-18) - (-50)/18. Is ((-1642)/10)/(p/(-15) - c) a composite number?
False
Suppose 16*j - 102520 = 591016. Is j a composite number?
True
Suppose 4*k = -8, 4*n + 158*k - 159*k = 142990. Is n prime?
True
Let l(d) = 120*d**2 + 9*d + 2. Let i be l(4). Suppose -11*b + 9*b - i = 0. Is (3/(-6)*b)/((-2)/(-4)) a prime number?
False
Let v = 2210 - 445. Let s = v + 826. Is s a prime number?
True
Let p be ((-14)/(-4))/(8/16) + -3. Suppose -2*w = -10, p*y - 3*w = -7*w + 25432. Is y prime?
True
Suppose 2*z + 389 = -3*z + 2*y, 0 = -2*z + 3*y - 160. Let s be (-47973)/(-11) + -2*(-7)/z. Let j = -2958 + s. Is j a prime number?
False
Let g = 7900 + 4835. Let t = g + -5674. Is t composite?
True
Let x(k) = -37*k**2 - 93*k + 30. Let g be x(-22). Is ((-21)/(-84))/((-2)/g) composite?
False
Let x(m) = -8*m**3 + m**2 - m - 1. Let f be x(-1). Is ((-6)/4)/(f/(-4062)) a composite number?
False
Let b(d) = 95*d**2 - 5*d - 7. Let f = 12 + -15. Is b(f) composite?
False
Let m(k) = -473*k - 35. Suppose 52*i = 55*i + 6. Is m(i) a prime number?
True
Let f(o) be the second derivative of 1537*o**3/2 - 15*o. Let s be f(3). Is s/21 + 4*1/14 composite?
False
Let u = -18 - -48. Suppose -4*h + 15 + u = -5*x, -4 = 4*x. Suppose -9*c - 59 = -h*c. Is c composite?
False
Let t = 145936 - 94533. Is t a composite number?
True
Suppose -5*z + 2265 = 2*v, 0 = -4*v + 2*z + 4554 - 36. Suppose 209 = -4*l - 275. Let x = l + v. Is x a prime number?
True
Suppose -8*p = -101729 - 228327. Is p prime?
True
Let o(v) = -14*v**3 + 6*v**2 + 55*v + 600. Is o(-23) prime?
False
Suppose -6*j + 2*j = -20. Suppose -2*u = 2*p - 1308, -j*p + u + 3240 = -4*u. Suppose -3*b - 293 = 4*r - 778, 4*b = -r + p. Is b composite?
False
Suppose -4*u + 10 = 4*x - 5*u, -3*x - 5*u = -19. Suppose 3*m - 2*t = -0*m - 6, -5*m - 11 = -x*t. Is ((-958)/3)/(m/18)*1 a composite number?
True
Let m(n) = -11*n**3 - 141*n**2 - 85*n + 77. Let y(o) = -4*o**3 - 47*o**2 - 28*o + 26. Let q(i) = -6*m(i) + 17*y(i). Is q(21) prime?
False
Let d(h) = -h**3 - 11*h**2 + 33. Let l(z) = 2*z**3 + 10*z**2 - z - 34. Let y(u) = 3*d(u) + 2*l(u). Let t be y(13). Is -1 + t - 1/(4/(-60)) a composite number?
False
Let c(n) be the first derivative of -2*n**7/105 - n**6/120 - 7*n**5/120 + 5*n**4/24 + 25*n**3/3 + 32. Let p(g) be the third derivative of c(g). Is p(-4) prime?
True
Suppose -5*t = 3*a, 0*a + 4*t = -5*a - 13. Let w(f) = -f**3 + f**2 - 12*f - 7. Is w(a) composite?
True
Let t = 65 - 100. Let x = t + 44. Let o(l) = -l**2 + 20*l + 10. Is o(x) a prime number?
True
Let k = 49 - 44. Suppose t - k*s = 25435, 3*t - 10*s = -8*s + 76305. Is t a prime number?
False
Let o be -3 + 0 + (-3 + -3 - -9). Suppose 0 = 5*a - 0*q + 3*q - 50858, -2*a - q + 20343 = o. Is a composite?
True
Suppose -z + 3*z + 10 = 0, 5*i = -z + 5. Suppose 14846 = i*y + 5*w, y - w - 7425 = -3*w. Is y composite?
False
Let t = 219 + -217. Is (1039 - 1) + t - 3 composite?
True
Is 15250 - (-10 - (6 + -7)) a prime number?
True
Suppose -3*w - 5*a - 2 = 0, 3*w - 4*w - 2 = 2*a. Let x(b) = -w - 2 - 1 + 12*b + 2. Is x(13) a composite number?
False
Let c = 3077 + 23844. Is c prime?
True
Let c be (-42)/7 + -4 + 5. Let l(d) = 18*d**2 + 41*d - 11. Let x(g) = -12*g**2 - 27*g + 7. Let k(i) = -5*l(i) - 8*x(i). Is k(c) a composite number?
True
Let o be -551*21/14*-8. Suppose -4*q + o = -3512. Is q a composite number?
False
Let p be (-602835)/25 + (-42)/(-105). Let a = p - -45816. Is a a prime number?
False
Let n(g) = g**3 + 5*g**2 - 9*g - 14. Let a be n(-6). Suppose -a*w - 13 = -1. Let y(x) = -719*x - 4. Is y(w) a composite number?
False
Let a(g) = -257*g - 12. Let o(x) = 514*x + 23. Let t(z) = -10*a(z) - 6*o(z). Let h be t(-8). Suppose -76*j + h = -74*j. Is j a prime number?
False
Let p be 802/10 - (0 + (-1)/(-